 3*r - t*m - 10 = 0, 0*m + 2 = -m. Determine v(r).
0
Let c(u) = -7*u. Let m(f) = -f. Let x(y) = -c(y) + 6*m(y). What is x(5)?
5
Let x be 6/4*(1 - -1). Let a(q) be the first derivative of -1/4*q**4 - 2*q**2 + 3*q + 4/3*q**3 - 1. Calculate a(x).
0
Let i(g) = 5*g**3 + 4*g**2 + g + 5. Let c(p) = -p**3 + p**2 - 1. Let f(n) = 4*c(n) + i(n). Give f(-8).
-7
Suppose -4*i = -2*i - 3*o - 15, -3 = 2*i + 3*o. Suppose 2*j - 3*h = -i, -3*j - 6 = -3*h - 0*h. Let g(a) = -2*a**2 - 4*a + 1. What is g(j)?
-5
Let r(x) = x - 9. Let j be 3 + (-3)/(-1) - 0. What is r(j)?
-3
Let t(w) be the third derivative of w**6/6 - w**4/24 + 9*w**2. What is t(-1)?
-19
Suppose -y - 20 = -5*y. Suppose 3*v + 10 = 2*i + y*v, 0 = v - 3. Let b(p) = 2*p**2 + i*p + p**3 - 5*p**2 - 2*p**2. Determine b(2).
-8
Let u = 0 - -2. Suppose 7 = u*a + 3. Let y(p) = -a*p - 1 - 3*p**2 + 6*p**3 + 6*p**2 - 7*p**3. Give y(3).
-7
Let l(a) = 5*a**3 - 15*a**2 - 20*a + 41. Let i(c) = -2*c + 8. Let g be i(5). Let d(r) = -r**3 + 3*r**2 + 4*r - 8. Let j(n) = g*l(n) - 11*d(n). Give j(4).
6
Let o(i) be the first derivative of -i**4/2 - i**3 + 2*i**2 - i + 15. Calculate o(-3).
14
Let d(q) = 4*q + 3. Let y be -2*((-66)/(-110) - 7/(-5)). Give d(y).
-13
Let u(f) = f**2 + 5*f - 8. Let k be u(-8). Let h = 14 - k. Let y(w) = -5*w + 2. Determine y(h).
12
Let o(l) = 4*l**2 - 2*l + 1. Let c be o(1). Suppose a = -2*a - c. Let g(d) = 7*d + 1. Determine g(a).
-6
Let w(p) be the second derivative of -p**2 - 1/12*p**4 + 2*p + 0 + 2/3*p**3. Calculate w(4).
-2
Suppose 56 + 73 = 5*g + 2*b, -5*g - 5*b = -120. Suppose d + g = 5*a, 1 + 8 = a - 2*d. Let v(y) = y**3 - 6*y**2 + 5*y - 5. Give v(a).
-5
Let x = -2 + 5. Let v(m) = -4 + x*m + 3*m - 4*m. Give v(5).
6
Let i(t) be the first derivative of -t**3/3 - 7*t**2/2 + 6*t + 47. Calculate i(-7).
6
Let z(k) be the second derivative of -k**5/20 - k**4/2 - 2*k**3/3 + 2*k**2 - 7*k. Let x = -1 + -4. Give z(x).
-1
Suppose -12 = -4*r, n + 2*r + 6 = 4*n. Suppose -n*a + 15 = a. Let p(u) = -4*u - 1 + 8 - 2 + a*u. Give p(5).
0
Let r(g) = -5*g + g - g + 6*g. What is r(4)?
4
Let k(n) = -4*n**2 - 7*n + 3. Let v(j) = -j**2 - 2*j + 1. Let u(l) = 2*k(l) - 7*v(l). What is u(3)?
-10
Let j(u) = u**3 - 5*u**2 + 3*u + 5. Let m(g) be the second derivative of 0 + 1/12*g**4 + 1/6*g**3 + g + 2*g**2. Let b be m(0). What is j(b)?
1
Let d = -34 - -29. Suppose 0 = -3*o - 9, -1 = -4*s - 5*o - 0. Let k(f) = 4 + 2*f**3 - f**3 - 3 - 4*f + s*f**2. Give k(d).
-4
Let q(m) = m**2 + 14*m + 11. Let u be q(-13). Let t(p) be the third derivative of 0*p + 1/120*p**6 + 1/30*p**5 + 0 - p**2 + 0*p**3 + 0*p**4. What is t(u)?
0
Let a(p) = p**3 - 4*p**2 + 2*p - 2. Suppose 1 = 4*l - 15. Give a(l).
6
Let n(u) = u**3 + 2*u**2 + u. Let c(f) = -3*f**3 - 5*f**2 - 3*f. Let m(q) = -2*c(q) - 5*n(q). What is m(2)?
10
Let v(d) = -5*d**3 + 2*d + 5. Let u(z) = -11*z**3 - z**2 + 5*z + 11. Let k(p) = 4*u(p) - 9*v(p). What is k(2)?
-5
Let t(s) be the third derivative of s**6/120 + s**5/12 - s**4/12 - 5*s**3/6 - s**2. Let a be -1 + 3 + 1 - 8. Calculate t(a).
5
Suppose -21*c + 6 = -15*c. Let g(s) = -1 + 1 - 11*s. What is g(c)?
-11
Let k(s) = s + 5*s**2 + s**3 - s - 3*s - 3*s**2 - 1. Let u = -2 - 4. Let a = u + 3. Calculate k(a).
-1
Let u(f) = f**3 + 6*f**2 + 3*f - 4. Let p(o) = -o**2 + 4*o - 5. Let h be p(4). Calculate u(h).
6
Let p be (-4)/(8/5)*2. Let z(h) be the third derivative of h**4/8 + h**3 - h**2. What is z(p)?
-9
Let p(i) = -2*i + 4*i + 4*i - 3. Suppose 7*u - 5*u = -22. Let b = 13 + u. Determine p(b).
9
Let q(u) = -u - 1. Let b(j) = 6*j + 2. Let f(m) = b(m) + 5*q(m). Let c(z) = z**2 - 3. Let t be c(0). Calculate f(t).
-6
Let f(z) = -z**2 + 7*z - 2. Let i(r) = r**3 + 4*r**2 - 6*r + 1. Let p be i(-5). Give f(p).
4
Let r(z) = 2*z + 4. Suppose -5 = 5*v - 6*v. Suppose 0 = -v*o + 5 + 20. Calculate r(o).
14
Let g(o) = -1 + 0*o**3 + 0 + 5*o**2 + 5*o + o**3. Suppose -4*j + 6 = 22. Let w be g(j). Let n(m) = -m**3 - 4*m**2 + 4*m - 4. What is n(w)?
1
Let j(m) = -m**3 - 4*m**2 - 6*m + 5. Let h(c) = -c + 1. Let f(t) = -4*h(t) + j(t). What is f(-3)?
-2
Let v(r) be the third derivative of 0*r + r**2 + 0 - 1/120*r**6 + 1/12*r**4 + 1/20*r**5 - 1/6*r**3. Calculate v(3).
5
Let d(s) = 0*s**2 - 4*s**2 + 9*s**2 + 3*s**3 + 4*s - 2*s**3. Calculate d(-4).
0
Let b = 5 + -7. Let g = b - -5. Let i(a) be the first derivative of -a**4/4 + 2*a**3/3 + a**2/2 - 3*a - 1. What is i(g)?
-9
Let o(g) be the second derivative of g**4/12 - g**3 + g**2/2 - 6*g. What is o(5)?
-4
Let u(h) be the second derivative of 0 - 1/6*h**3 - 1/12*h**4 - 11/2*h**2 + 5*h. Calculate u(0).
-11
Suppose 0 = -w - 3*w + 16. Let a(b) = -1 + w + 0 + 0*b - b. Calculate a(4).
-1
Let i(y) = -1. Let l(g) = -g + 1. Let p(u) = -2*i(u) + l(u). Calculate p(0).
3
Let f be 6*(-1)/1 - -3. Let r(b) = -b**2 - 2*b - 3. Determine r(f).
-6
Let w(p) be the first derivative of -p**2 - p + 6. Let v = -10 + 6. Determine w(v).
7
Let i(d) be the second derivative of -d**3/6 - 2*d**2 - d. Calculate i(-5).
1
Let s(t) = t - 1. Let m(h) = 3. Let b(o) = -m(o) - s(o). Determine b(-8).
6
Let d(n) be the first derivative of -n**4 + n**3/3 - n**2/2 + n - 1. Let q = 52 + -51. Calculate d(q).
-3
Let c(o) = -o**2 - 2*o. Suppose m = 2*m + 2. Determine c(m).
0
Let l(s) = -s**2 + s - 4. Let r be l(0). Let z(x) = x**2 - 3*x + 5. Let d(a) = 2*a**2 - 4*a + 5. Let t(q) = -2*d(q) + 3*z(q). Calculate t(r).
-7
Let z(a) = -a**3 - a + 2*a**2 - 2*a**2 + 0*a + 2. What is z(0)?
2
Let x(z) = -3*z**2 + 28*z - 3. Let q be x(9). Let n(f) be the third derivative of f**2 + 1/12*f**5 + 1/4*f**4 + 0 - 1/120*f**6 - 1/6*f**3 + 0*f. Determine n(q).
-1
Let z(f) be the first derivative of f**7/840 - f**6/360 - f**5/120 - f**4/8 + 4*f**3/3 - 1. Let d(p) be the third derivative of z(p). Give d(0).
-3
Let o(m) be the first derivative of -5*m - 3 + 1/2*m**2. Suppose 4*k - 32 = -4*h, 3*h + 5*k = 5*h + 12. Give o(h).
-1
Let r(g) = -4*g - 1. Let x be r(-1). Let h(u) = -2*u + 7*u**2 - x*u - 6*u**2 - 3. Calculate h(5).
-3
Let i = 7 + -5. Let f(m) = -m**3 + 8*m**2 - 4*m + 5. Let c(o) = -2*o**3 + 17*o**2 - 9*o + 11. Let x(s) = 4*c(s) - 9*f(s). What is x(i)?
-9
Let q = 28 - 26. Let j(i) = 4*i - 2. What is j(q)?
6
Let g = -8 + 12. Let r(m) = -m - 3. Let z(k) = k + 3. Let y(q) = -5*r(q) - 4*z(q). What is y(g)?
7
Let z be 0 + (-4)/(1 - -1). Let r = -1 + 2. Let n(j) = -j**3 + j**2 + 1. Let l(s) = 5*s**3 + s**2 + s + 1. Let i(h) = r*l(h) + z*n(h). Give i(1).
6
Let u = -14 + 14. Let f be -3 + -2 + u + -2. Let a(o) = -o**2 - 8*o - 6. What is a(f)?
1
Suppose -a + 2*a - 2 = 0. Let o(u) = u**3 - 1 - u - 2*u + 0*u**3 + u**a. Give o(-2).
1
Let i(v) = 5*v**3 - 3*v**2 + v - 4. Let l(h) = 4*h**3 - 3*h**2 + h - 4. Let b(w) = 5*i(w) - 6*l(w). Give b(-3).
7
Let s(f) = f**2 + f + 6. Let p = -15 + 15. Give s(p).
6
Suppose 0 = -4*y + 6 + 6. Let v(a) = -a**2 - 2*a - 3*a + 3*a + y*a - 6. Calculate v(0).
-6
Suppose 3*f = 2 + 7. Suppose -16 = -l - f*l. Let b(o) = o**3 + 3*o**2 + 2*o - l*o + 3 - 2*o**2 + 0*o. Determine b(-3).
-9
Let x(l) = l**2 - 5*l + 6. Let u be ((-15)/6)/1*-2. Let d be -3 + 2 + 1 + u. What is x(d)?
6
Let z(a) be the second derivative of -2*a**5/5 + a**4/12 + a**3/6 - a**2/2 - a - 7. Determine z(1).
-7
Suppose -4*a = i - 19 + 2, -3*i + 2*a + 9 = 0. Let z be (-4)/(-6) - (-7)/3. Let d(y) = -3 + z + y. Calculate d(i).
5
Let r(a) be the first derivative of -5*a**2/2 + a - 13. Suppose 2*q + 2*x + 2 = 0, 6*x = 3*x - 6. Suppose 4*l + 3 + q = 0. Determine r(l).
6
Let s(p) be the first derivative of p**2/2 - 4*p + 8. What is s(5)?
1
Let h(v) = -v**2 - 5*v - 1. Let w be ((-35)/20)/(1/4 + 0). What is h(w)?
-15
Let k(p) = -p**3 + 4*p**2 - 4*p + 2. Let b be k(2). Let w(a) = -b - 3*a**2 + 4 + 2*a**2 - 2*a. Let d = -90 + 92. Calculate w(d).
-6
Let k(b) = -6*b**3 - b**2 + b - 1. Suppose u = -c + 6, -u = u - 2*c + 4. Suppose u*r = -g - 3*g - 6, 4*r - g = 6. Give k(r).
-7
Suppose 5*n - 3*y = 31, -2*n + y = 3*n - 27. Let v(a) = a**2 - 5*a + 3. Give v(n).
3
Let x(i) = 6*i + 6 + 5*i + i**2 - 6*i. Determine x(-5).
6
Suppose -13 - 3 = -4*t. Let b(v) = -v + 2*v - t*v - 1 - 2*v. Determine b(2).
-11
Let c be ((-18)/27)/(1/(-9)). Let w(p) = p**3 - 5*p**2 - 5*p - 3. Calculate w(c).
3
Let x(p) = 9*p**2 + 6*p + 20. Let r(m) = 3*m**2 + 2*m + 7. Let g(s) = 17*r(s) - 6*x(s). What is g(-1)?
-2
Suppose -2*g + 0*g = -